(-1 - 3) + (35 - -3).
2, 17
Let a = -143 + 231. Suppose -5*o = -3*o - a. What are the prime factors of o?
2, 11
Suppose g - 48 = -2*g. Let j(v) = -v**2 + 9*v - 10. Let l be j(7). Suppose -l = q - g. List the prime factors of q.
2, 3
Suppose 5*c + 9 = 2*s - s, 5*c - 7 = -3*s. Suppose 3*j - 2 = -2*q + 36, -56 = -4*q + s*j. What are the prime factors of q?
2
Suppose -39*q = -35*q - 120. What are the prime factors of q?
2, 3, 5
Let m(z) be the first derivative of -3*z**2/2 + 4. Let w be m(-1). Suppose 4*v - 71 = -5*b, 0 = 3*b - w*v + v - 25. List the prime factors of b.
11
Let x(w) be the second derivative of -w**4/24 - w**3/3 - 2*w**2 - 2*w. Let j(l) be the first derivative of x(l). List the prime factors of j(-5).
3
Let p(c) = -c**3 - 4*c**2 - 3*c + 3. Let t be p(-3). Suppose 10 = t*u - 23. List the prime factors of u.
11
Let q = 10 + -5. Suppose -66 = -2*g - 5*k + 2*k, 0 = 3*g + 5*k - 97. Suppose -2*n = -q*n + g. List the prime factors of n.
13
Suppose c + 4*c = 0. Let x be (c*(-3)/(-6))/(-3). Suppose 4*f + x*j - 17 = -j, -8 = -3*f + 4*j. What are the prime factors of f?
2
Let k(t) = -t + 8. Let j be k(9). What are the prime factors of (15 - j) + 1 - 2?
3, 5
Let m(c) = 3*c**3 - 5*c**2 + 3*c - 8. Let i(j) = -2*j**3 + 5*j**2 - 4*j + 8. Let p(k) = 4*i(k) + 3*m(k). List the prime factors of p(-6).
2, 7
Suppose f = m + 2*m - 92, 2*m = -3*f + 54. List the prime factors of (61 + -1)*12/m.
2, 3
What are the prime factors of 28/2*290/20?
7, 29
Let m be (-12)/6*3/(-2). Suppose w + 0*w - 13 = -m*r, r = -2*w + 11. List the prime factors of r.
3
Let m(b) = -b**2 - 24*b - 44. What are the prime factors of m(-10)?
2, 3
Let l = -14 - -21. What are the prime factors of l?
7
Let f(o) = -o**2 - 12*o - 8. What are the prime factors of f(-10)?
2, 3
Suppose -313 = -5*z + 292. What are the prime factors of z?
11
Let v = 107 - 55. What are the prime factors of v?
2, 13
Suppose b - 8 = 8. List the prime factors of b.
2
Suppose -3*o = 4*j - 9*j + 6, 2*j - 3*o = 6. Suppose -2*f + 0*f + 48 = j. List the prime factors of f.
2, 3
Let b(c) = -3*c**3 + 2*c**2 + 2. Let n be b(2). List the prime factors of -1 - 1*(n - 0).
13
Suppose -2*i = -4*i - 4. Let n be (i + -3)*(-6)/15. Suppose -b + 10 = -3*w, -2*b + 16 = -0*b - n*w. List the prime factors of b.
7
Let u(r) = r**2 - 8*r - 1. Let v be u(7). Let s(y) = -y**3 - 8*y**2 + 2*y - 5. Let d be s(v). What are the prime factors of (d/6 + -2)*-2?
11
What are the prime factors of 3*(32 + 5 - -4)?
3, 41
Let i = -20 + 36. What are the prime factors of i?
2
Suppose 2*s + 3*o = 22, -52 = s - 4*s + 5*o. What are the prime factors of s?
2, 7
Let c(f) = 1. Let z(l) = -l**2 - 8*l - 6. Let d be z(-7). Let p(u) = -u + 7. Let k(g) = d*p(g) - 2*c(g). What are the prime factors of k(3)?
2
Let a(c) = 9*c**2 + 5*c - 3. Let d(q) = -9*q**2 - 4*q + 2. Let g(o) = -3*a(o) - 4*d(o). List the prime factors of g(2).
3, 13
Let w = 9 + 0. Let s = w + -7. What are the prime factors of s?
2
What are the prime factors of ((-66)/(-4))/((-42)/(-224))?
2, 11
Let h(o) = o**3 + 8*o**2 + 3*o + 5. Let i be h(-4). Suppose -z + 27 = 2*r, -z + 2*z + i = 5*r. List the prime factors of r.
2, 3
Suppose 0 = -5*m - 0*m + 180. Suppose -2*z - z + m = 0. What are the prime factors of z?
2, 3
Let t = 43 - 24. List the prime factors of t.
19
Let w = -65 - -81. What are the prime factors of w?
2
Let z(s) be the first derivative of 5*s**2 + s - 1. Let g be 6/24 + (-9)/(-12). List the prime factors of z(g).
11
Let z = 55 - 19. What are the prime factors of z?
2, 3
Suppose 4*o + 0*y - 2*y = 8, -4*o + y = -12. Suppose o*i + 128 = 8*i. List the prime factors of i.
2
Suppose 5*h = -9 - 31. Let w(i) = -5*i**2 - 12*i + 11. Let y(r) = -14*r**2 - 35*r + 33. Let k(p) = -11*w(p) + 4*y(p). List the prime factors of k(h).
11
Let z(t) = 14*t. Let q be z(-1). Let g = -10 - q. Suppose -2*o + 7 = -5*k, -k + g = 3. List the prime factors of o.
2, 3
Let r(h) = -h**2 + 6*h + 5. Let f be r(6). Let o(c) = -3*c**2 + 0 - 2*c**2 - 1 + 29*c**3 - 28*c**3 + 3*c. What are the prime factors of o(f)?
2, 7
Suppose -2*u + 0 = -6. Suppose 2*d - u*d + 3*r + 36 = 0, -3*d = 4*r - 43. What are the prime factors of d?
3, 7
What are the prime factors of ((-3)/2)/(-3)*28/1?
2, 7
Let k(r) = -r**2 - 9*r - 12. Let d be k(-8). Let f = d + 8. Suppose 0 = -f*b - 3*a + 11, 0 = -2*b + 2*a + 3 - 1. What are the prime factors of b?
2
Let y(m) be the second derivative of -m**3/3 + m**2 + 3*m. What are the prime factors of y(-3)?
2
Let y(v) = -v**3 - 8*v**2 + 8. Let h(c) = c**2 + 8*c + 7. Let m be h(-5). List the prime factors of y(m).
2
Suppose 224 = 4*w - 128. List the prime factors of w.
2, 11
Suppose d - 90 = -2*k, -d - 135 = -3*k + d. Suppose -2*y + k - 5 = 0. What are the prime factors of y?
2, 5
Suppose q - 4 = 2. Let x = 7 + q. Suppose 0 = -w + x - 2. List the prime factors of w.
11
Let d(b) = b**2 + 4*b - 8. Let v be 4/(-6) - (-16)/(-3). Let g be d(v). Suppose 5*t + 31 = 3*r, 34 = g*r - 0*r - 3*t. What are the prime factors of r?
7
Let t(b) = -b**2 - 3*b. Let k be t(-2). Suppose -5*m + 62 = 4*z, -41 = -5*m + 5*z - k*z. List the prime factors of m.
2, 5
Let c(k) = k**3 + 10*k**2 - 12*k - 1. Let w = 110 - 55. Suppose 6*s = s - w. List the prime factors of c(s).
2, 5
Let g = 5 - 1. Suppose l = 5*k + 2*l - 84, 0 = -g*k - 3*l + 76. What are the prime factors of k?
2
Let w = -18 + 38. Suppose w + 7 = 3*h. What are the prime factors of 96/h - 6/9?
2, 5
Suppose -3*s + 0*l + 4 = 2*l, -5*s = -3*l - 13. Let d(o) be the second derivative of o**4/4 + o**3/2 - o**2/2 - 4*o. What are the prime factors of d(s)?
17
Let r be ((-5)/4)/(3/(-12)). Suppose -4*j = -r*j + 30. What are the prime factors of j?
2, 3, 5
List the prime factors of (16 + 0/(-2))*15/15.
2
Let k = 44 - -33. List the prime factors of k.
7, 11
Suppose u = -3*h + 173, -487 = -3*u + h - 2*h. Suppose 2*b + 211 = 5*w - 16, -5*b + u = 3*w. What are the prime factors of w?
47
Suppose 1 = -0*y + y, -2*l - 4*y - 20 = 0. List the prime factors of (l/18)/(2/(-87)).
29
Let v(k) = -k**3 - 5*k**2 - 4*k + 4. List the prime factors of v(-5).
2, 3
Suppose 0 = -i + 3*i + 4, 4*i - 28 = -3*l. Let y = 40 - l. What are the prime factors of y?
2, 7
Let f(t) = 3*t**2 + 2*t + 4. What are the prime factors of f(-5)?
3, 23
Let h be 40/12 - 4/(-6). Let i = h + -2. What are the prime factors of i?
2
Let x = 21 + -9. Let w = 15 - x. List the prime factors of w.
3
Let y be (-3)/(-4 - 26/(-8)). Let x = -17 - -7. What are the prime factors of 5/x + 10/y?
2
Let z(r) = 3*r - 20. Let c(t) = -t + 7. Let i(d) = -11*c(d) - 4*z(d). List the prime factors of i(-6).
3
Suppose -4*y + 40 = 4*u, -2*u + 7*u = -3*y + 46. What are the prime factors of u?
2
Let o be (-7 - -4)/(1/3). Let u = o - -16. What are the prime factors of u?
7
Suppose 15 = 3*n, 0 = -k + 3*n + 15 + 16. List the prime factors of k.
2, 23
Let t = 296 - 150. List the prime factors of t.
2, 73
Let t(w) be the first derivative of w**4/4 - 2*w**3/3 - w**2 - 2*w - 4. Let d be t(3). List the prime factors of (2/(-4))/(d/(-26)).
13
Suppose -n - 2*r = -0*n - 228, 0 = -n - r + 224. Suppose 4*u = 4*p - n, 5*p + 3*u - 255 = 36. What are the prime factors of p?
3, 19
Suppose -4*u = u. Suppose -j = -4 + 2. Suppose u = -2*s - 4*x + 42, -7*x = 3*s - j*x - 59. What are the prime factors of s?
13
What are the prime factors of 3 - (-237 + 1)/4?
2, 31
Let d = 0 - -3. Suppose 14 + 11 = s + 5*a, 2*s + d*a - 29 = 0. List the prime factors of s.
2, 5
Let p be (-9)/6 - 1/(-2). What are the prime factors of 17*(-3 - -2)*p?
17
List the prime factors of (5/20)/((-1)/(-44)).
11
What are the prime factors of 5/(-20) - (-2724)/16?
2, 5, 17
Let y(w) = w - 1. Let h(i) = 9*i + 2. Let l(d) = -2*h(d) + 2*y(d). What are the prime factors of l(-3)?
2, 3, 7
Let y = -7 + 1. Let g = y - -9. List the prime factors of g.
3
Let l(r) = 43*r + 90. List the prime factors of l(6).
2, 3, 29
Suppose -3*r = -6 - 6. Suppose 0 = 3*y + 2*d - 109, -r*y + 136 = 3*d + 2*d. Suppose -4*t + 2*f - f + y = 0, 3*t - 27 = 3*f. List the prime factors of t.
2, 5
Suppose 4*o - 20 = -0*o, -2*o + 216 = 2*n. List the prime factors of n.
103
Let g(n) = -2*n**3 + 11*n**2 - 2*n - 1. Let c(a) = a**3 - 10*a**2 + 3*a + 1. Let s(o) = 3*c(o) + 2*g(o). List the prime factors of s(-9).
37
Let z = 17 - 6. What are the prime fact